tor of 277148?
False
Is 474869 a multiple of 265?
False
Does 12 divide 581176?
False
Does 15 divide 2283561?
False
Is 11 a factor of 136961?
True
Does 16 divide 9906160?
True
Is 78 a factor of 547393?
False
Is 4831590 a multiple of 18?
False
Is 4547367 a multiple of 183?
True
Is 20688592 a multiple of 184?
True
Is 12788 a multiple of 2?
True
Is 279720 a multiple of 54?
True
Is 58 a factor of 70303?
False
Is 74 a factor of 1219298?
True
Is 8445003 a multiple of 14?
False
Is 13 a factor of 145230?
False
Is 79 a factor of 5986?
False
Does 339 divide 171195?
True
Does 4 divide 19650?
False
Does 39 divide 2602763?
False
Is 100 a factor of 272868?
False
Does 188 divide 36218?
False
Is 3247429 a multiple of 22?
False
Is 263 a factor of 31697?
False
Is 155563 a multiple of 2?
False
Is 528266 a multiple of 162?
False
Is 5174092 a multiple of 107?
True
Is 1517087 a multiple of 60?
False
Is 269385 a multiple of 14?
False
Does 774 divide 498945?
False
Is 61 a factor of 3456138?
True
Is 10 a factor of 2654835?
False
Is 4338772 a multiple of 49?
False
Does 4 divide 36275?
False
Is 462 a factor of 558558?
True
Does 32 divide 801739?
False
Is 119 a factor of 1270087?
True
Is 78903 a multiple of 166?
False
Does 271 divide 334886?
False
Does 121 divide 591085?
True
Is 2323080 a multiple of 151?
False
Is 217332 a multiple of 279?
False
Is 932 a factor of 8719040?
False
Is 5200046 a multiple of 90?
False
Is 30 a factor of 1888539?
False
Is 23044 a multiple of 28?
True
Is 17 a factor of 71473?
False
Is 39 a factor of 159944?
False
Does 30 divide 78209?
False
Does 28 divide 21293?
False
Does 33 divide 830742?
True
Does 24 divide 3095616?
True
Does 11 divide 128326?
True
Is 13402057 a multiple of 814?
False
Is 188655 a multiple of 367?
False
Does 74 divide 541162?
True
Is 27 a factor of 325019?
False
Is 85565 a multiple of 157?
True
Is 140040 a multiple of 14?
False
Is 100 a factor of 57241?
False
Does 46 divide 2110057?
False
Is 4 a factor of 360796?
True
Does 444 divide 154956?
True
Is 110 a factor of 587862?
False
Is 418 a factor of 13887214?
True
Is 437443 a multiple of 141?
False
Is 194 a factor of 362780?
True
Is 2727162 a multiple of 10?
False
Is 2639120 a multiple of 44?
True
Is 9933406 a multiple of 14?
True
Is 278 a factor of 16058948?
True
Is 238461 a multiple of 303?
True
Is 41154 a multiple of 18?
False
Is 3450324 a multiple of 74?
True
Is 888993 a multiple of 3?
True
Is 12 a factor of 1429887?
False
Is 66 a factor of 324324?
True
Is 28 a factor of 17317160?
True
Is 98 a factor of 5830070?
False
Is 3571350 a multiple of 67?
False
Does 19 divide 164321?
False
Is 632736 a multiple of 18?
True
Is 470 a factor of 3083200?
True
Is 77 a factor of 4623554?
False
Is 1994620 a multiple of 10?
True
Does 2459 divide 4625379?
True
Is 35 a factor of 1839070?
False
Is 28945 a multiple of 2?
False
Is 64 a factor of 213241?
False
Is 432226 a multiple of 21?
False
Is 11606454 a multiple of 32?
False
Does 63 divide 1006929?
True
Does 3 divide 123172?
False
Is 280783 a multiple of 29?
False
Is 13 a factor of 419928?
False
Is 253044 a multiple of 162?
True
Does 2 divide 902862?
True
Is 16 a factor of 455729?
False
Is 3 a factor of 1402197?
True
Does 88 divide 17952?
True
Is 3422007 a multiple of 81?
True
Does 23 divide 25210186?
False
Is 7 a factor of 66702?
False
Does 32 divide 3816753?
False
Does 6 divide 6054?
True
Does 78 divide 243516?
True
Is 1107533 a multiple of 26?
False
Is 6 a factor of 8231119?
False
Is 7929934 a multiple of 47?
True
Is 269905 a multiple of 4?
False
Is 8283 a multiple of 5?
False
Is 23 a factor of 656265?
False
Is 1050 a factor of 7927500?
True
Is 62 a factor of 4618075?
False
Does 71 divide 3662080?
False
Is 73567 a multiple of 13?
True
Is 12 a factor of 435485?
False
Is 329530 a multiple of 302?
False
Is 507 a factor of 5040087?
True
Does 347 divide 1737082?
True
Is 194101 a multiple of 208?
False
Is 617734 a multiple of 14?
False
Does 527 divide 130472?
False
Is 13 a factor of 1406157?
False
Is 7208712 a multiple of 6?
True
Is 311 a factor of 29064?
False
Does 27 divide 534003?
False
Is 386288 a multiple of 28?
True
Does 18 divide 86706?
True
Does 9 divide 710078?
False
Is 2 a factor of 990015?
False
Is 321816 a multiple of 24?
True
Is 54 a factor of 251478?
True
Is 11 a factor of 715764?
False
Is 1471260 a multiple of 31?
True
Is 8 a factor of 49316?
False
Is 5 a factor of 63865?
True
Does 68 divide 1003408?
True
Does 19 divide 1844520?
True
Is 3184248 a multiple of 462?
False
Is 1377979 a multiple of 350?
False
Is 24274 a multiple of 20?
False
Is 1305135 a multiple of 1035?
True
Is 58 a factor of 299472?
False
Does 17 divide 1037153?
True
Is 39172 a multiple of 14?
True
Is 3747291 a multiple of 19?
False
Is 1369013 a multiple of 530?
False
Is 15195749 a multiple of 4?
False
Is 161 a factor of 296362?
False
Is 1846914 a multiple of 323?
True
Does 22 divide 4288042?
True
Is 39235 a multiple of 59?
True
Is 47 a factor of 13536?
True
Is 20205500 a multiple of 230?
True
Is 48114 a multiple of 198?
True
Does 91 divide 10821902?
True
Is 91 a factor of 248339?
True
Is 172476 a multiple of 54?
True
Is 70 a factor of 179340?
True
Is 758 a factor of 1568722?
False
Is 10172660 a multiple of 382?
True
Is 1173828 a multiple of 46?
True
Does 11 divide 417879?
True
Is 3905748 a multiple of 77?
True
Is 92910 a multiple of 95?
True
Is 629846 a multiple of 38?
False
Is 714 a factor of 436968?
True
Is 14964 a multiple of 124?
False
Is 77 a factor of 2726185?
True
Does 95 divide 17056201?
False
Does 10 divide 6562300?
True
Is 424 a factor of 190800?
True
Is 473 a factor of 3365395?
True
Is 137740 a multiple of 20?
True
Does 29 divide 75199?
False
Is 176 a factor of 66528?
True
Is 400246 a multiple of 322?
True
Does 32 divide 3769645?
False
Is 347 a factor of 1739164?
True
Does 266 divide 125818?
True
Does 185 divide 8088385?
True
Is 217320 a multiple of 12?
True
Is 51 a factor of 229203?
False
Is 12 a factor of 50724?
True
Does 77 divide 10847626?
False
Is 12996924 a multiple of 9?
False
Is 1831996 a multiple of 7?
False
Does 6 divide 215898?
True
Does 3 divide 48108?
True
Is 40 a factor of 480760?
True
Is 15 a factor of 563145?
True
Is 7010930 a multiple of 379?
False
Is 1679130 a multiple of 11?
False
Is 1113494 even?
True
Is 156392 a multiple of 151?
False
Does 71 divide 217657?
False
Is 8 a factor of 2558184?
True
Is 516 a factor of 9144552?
True
Does 16 divide 108128?
True
Is 27 a factor of 478656?
True
Does 21 divide 2366496?
False
Does 17 divide 71349?
True
Is 206139 a multiple of 84?
False
Is 18 a factor of 2989656?
True
Does 24 divide 1379671?
False
Is 5622920 a multiple of 85?
True
Is 9 a factor of 1907490?
False
Is 3 a factor of 36512?
False
Does 7 divide 3353?
True
Is 80 a factor of 6716731?
False
Is 502725 a multiple of 34?
False
Is 167 a factor of 140140?
False
Is 12 a factor of 90876?
True
Is 6 a factor of 548095?
False
Is 87 a factor of 1269192?
False
Does 37 divide 1828392?
True
Does 568 divide 553232?
True
Is 216 a factor of 2646648?
True
Is 72443 a multiple of 142?
False
Does 32 divide 1525024?
True
Is 3079474 a multiple of 154?
False
Does 232 divide 12639462?
False
Is 2794422 a multiple of 290?
False
Does 60 divide 4329889?
False
Is 356686 a multiple of 31?
True
Is 14492016 a multiple of 1584?
True
Is 10 a factor of 590?
True
Is 1084 a factor of 4200500?
True
Is 27531 a multiple of 63?
True
Is 52 a factor of 50700?
True
Is 5616889 a multiple of 6?
False
Is 79611 a multiple of 17?
True
Is 364 a factor of 411237?
False
Does 57 divide 5182205?
False
Is 26 a factor of 295490?
True
Does 167 divide 5517346?
True
Is 12 a factor of 192261?
False
Is 15 a factor of 9450?
True
Is 250 a factor of 249517?
False
Does 11 divide 224576?
True
Is 27 a factor of 32503?
False
Does 15 divide 13774643?
False
Is 15004520 a multiple of 188?
False
Is 397815 a multiple of 87?
False
Is 14773898 a multiple of 281?
False
Is 201390 a multiple of 35?
True
Is 34400 a multiple of 25?
True
Is 909 a factor of 8721855?
True
Is 59302 a multiple of 86?
False
Does 92 divide 3932801?
False
Does 11 divide 10160139?
True
Is 469038 a multiple of 29?
False
Is 6110983 a multiple of 304?
False
Is 226299 a multiple of 39?
False
Is 171 a factor of 3437985?
False
Does 49 divide 7268?
